igit of 4801410?
1
What is the tens digit of 6825941?
4
What is the millions digit of 3886925?
3
What is the units digit of 165299?
9
What is the thousands digit of 378538?
8
What is the thousands digit of 377642?
7
What is the thousands digit of 4933166?
3
What is the hundreds digit of 11791916?
9
What is the units digit of 204971?
1
What is the tens digit of 636105?
0
What is the hundreds digit of 1527594?
5
What is the tens digit of 787976?
7
What is the hundreds digit of 294546?
5
What is the tens digit of 729?
2
What is the millions digit of 20565873?
0
What is the hundred thousands digit of 16324088?
3
What is the ten thousands digit of 20444?
2
What is the thousands digit of 1335968?
5
What is the tens digit of 3926640?
4
What is the hundred thousands digit of 272810?
2
What is the hundreds digit of 78902?
9
What is the ten millions digit of 24306910?
2
What is the hundred thousands digit of 437400?
4
What is the hundreds digit of 28818278?
2
What is the units digit of 439300?
0
What is the tens digit of 9935364?
6
What is the hundreds digit of 83096?
0
What is the thousands digit of 23609?
3
What is the tens digit of 19016?
1
What is the units digit of 8675190?
0
What is the hundreds digit of 19030368?
3
What is the hundred thousands digit of 7016605?
0
What is the hundreds digit of 622852?
8
What is the tens digit of 4177808?
0
What is the hundred thousands digit of 349546?
3
What is the tens digit of 1932082?
8
What is the thousands digit of 318221?
8
What is the hundred thousands digit of 840619?
8
What is the thousands digit of 14011551?
1
What is the hundred thousands digit of 1491896?
4
What is the thousands digit of 2787096?
7
What is the hundreds digit of 136590?
5
What is the ten thousands digit of 346888?
4
What is the ten thousands digit of 646305?
4
What is the ten thousands digit of 394002?
9
What is the thousands digit of 453511?
3
What is the hundred thousands digit of 3955368?
9
What is the hundreds digit of 3019040?
0
What is the thousands digit of 3394100?
4
What is the tens digit of 458935?
3
What is the thousands digit of 308419?
8
What is the hundreds digit of 761018?
0
What is the hundreds digit of 1561455?
4
What is the thousands digit of 117272?
7
What is the ten thousands digit of 4436734?
3
What is the hundred thousands digit of 743519?
7
What is the tens digit of 154645?
4
What is the hundreds digit of 22520?
5
What is the hundreds digit of 246986?
9
What is the tens digit of 22687509?
0
What is the hundreds digit of 46140?
1
What is the ten thousands digit of 3387207?
8
What is the millions digit of 1970214?
1
What is the hundred thousands digit of 428477?
4
What is the hundred thousands digit of 136715?
1
What is the ten thousands digit of 6137207?
3
What is the hundreds digit of 188645?
6
What is the hundred thousands digit of 256556?
2
What is the ten thousands digit of 160793?
6
What is the units digit of 2022279?
9
What is the tens digit of 28456563?
6
What is the thousands digit of 6776491?
6
What is the hundreds digit of 2002067?
0
What is the units digit of 4275248?
8
What is the tens digit of 1001450?
5
What is the ten thousands digit of 339639?
3
What is the ten thousands digit of 119155?
1
What is the ten thousands digit of 793470?
9
What is the units digit of 477978?
8
What is the hundred thousands digit of 137023?
1
What is the millions digit of 3501813?
3
What is the hundreds digit of 319389?
3
What is the hundred thousands digit of 417806?
4
What is the tens digit of 20739?
3
What is the thousands digit of 7944302?
4
What is the ten thousands digit of 727210?
2
What is the thousands digit of 20399013?
9
What is the millions digit of 3299981?
3
What is the ten thousands digit of 3487212?
8
What is the units digit of 4206823?
3
What is the units digit of 4226241?
1
What is the ten thousands digit of 301832?
0
What is the hundreds digit of 4795380?
3
What is the tens digit of 331217?
1
What is the units digit of 376907?
7
What is the thousands digit of 360906?
0
What is the millions digit of 5178989?
5
What is the ten thousands digit of 8099144?
9
What is the millions digit of 1164371?
1
What is the thousands digit of 529504?
9
What is the tens digit of 237925?
2
What is the units digit of 772684?
4
What is the hundreds digit of 3793568?
5
What is the tens digit of 10204476?
7
What is the hundreds digit of 182153?
1
What is the units digit of 6820619?
9
What is the ten thousands digit of 231408?
3
What is the units digit of 35048399?
9
What is the ten thousands digit of 443280?
4
What is the hundreds digit of 677883?
8
What is the hundreds digit of 540064?
0
What is the hundred thousands digit of 363572?
3
What is the thousands digit of 198255?
8
What is the tens digit of 2921461?
6
What is the units digit of 4634113?
3
What is the millions digit of 5285782?
5
What is the hundred thousands digit of 9427315?
4
What is the ten millions digit of 12078661?
1
What is the tens digit of 317647?
4
What is the thousands digit of 230572?
0
What is the units digit of 13356106?
6
What is the hundreds digit of 1266354?
3
What is the ten thousands digit of 150091?
5
What is the tens digit of 7592512?
1
What is the ten millions digit of 14529687?
1
What is the ten thousands digit of 167004?
6
What is the units digit of 135885?
5
What is the millions digit of 2208572?
2
What is the tens digit of 214165?
6
What is the units digit of 2198421?
1
What is the thousands digit of 4186131?
6
What is the units digit of 938074?
4
What is the ten millions digit of 16140291?
1
What is the units digit of 274228?
8
What is the hundreds digit of 13498343?
3
What is the units digit of 486366?
6
What is the hundreds digit of 76602?
6
What is the hundred thousands digit of 286033?
2
What is the hundreds digit of 129114?
1
What is the ten thousands digit of 352899?
5
What is the units digit of 800924?
4
What is the ten millions digit of 15218867?
1
What is the tens digit of 17437308?
0
What is the thousands digit of 161055?
1
What is the hundred thousands digit of 231056?
2
What is the thousands digit of 335954?
5
What is the thousands digit of 4066079?
6
What is the thousands digit of 7602383?
2
What is the thousands digit of 187684?
7
What is the thousands digit of 2996317?
6
What is the millions digit of 27322621?
7
What is the thousands digit of 288340?
8
What is the hundred thousands digit of 3466816?
4
What is the thousands digit of 90153?
0
What is the units digit of 7087539?
9
What is the hundred thousands digit of 4385263?
3
What is the units digit of 2085?
5
What is the units digit of 1107706?
6
What is the units digit of 533134?
4
What is the ten thousands digit of 1202441?
0
What is the millions digit of 1179510?
1
What is the millions digit of 8012941?
8
What is the tens digit of 11583545?
4
What is the hundred thousands digit of 520075?
5
What is the hundreds digit of 138888?
8
What is the units digit of 4565862?
2
What is the thousands digit of 1336065?
6
What is the tens digit of 2217079?
7
What is the millions digit of 26695399?
6
What is the units digit of 7962675?
5
What is the units digit of 166985?
5
What is the thousands digit of 1576489?
6
What is the hundred thousands digit of 642595?
6
What is the ten thousands digit of 3088469?
8
What is the hundreds digit of 190028?
0
What is the tens digit of 103276?
7
What is the thousands digit of 6208344?
8
What is the units digit of 899802?
2
What is the thousands digit of 19726387?
6
What is the thousands digit of 553769?
3
What is the hundred thousands digit of 161071?
1
What is the millions digit of 2363511?
2
What is the ten thousands digit of 73736?
7
What is the tens digit of 653999?
9
What is the hundred thousands digit of 430118?
4
What is the units digit of 5550948?
8
What is the hundreds digit of 196247?
2
What is the hundred thousands digit of 271467?
2
What is the units digit of 204958?
8
What is the units digit of 79398?
8
What is the units digit of 286747?
7
What is the tens digit of 11135515?
1
What is the ten thousands digit of 197166?
9
What is the ten millions digit of 12481697?
1
What is the hundred thousands digit of 1799099?
7
What is the thousands digit of 3191728?
1
What is the units digit of 955506?
6
What is the millions digit of 279337